te (26 - 24) + (2 - 1).
3
What is -6 - -7 - 7 - -4?
-2
Calculate (-4 - -2) + 6 + -3.
1
What is (0 - (-2 - -1)) + (2 - -2)?
5
3 + 3 + -5 + -2
-1
Calculate -1 + 1 + 2 + -3.
-1
What is the value of -4 + (-3 - -7) + 5?
5
Calculate (-5 - -1 - (-18 + 12)) + -1.
1
Evaluate -2 - -8 - (-9 + 1 + 14).
0
What is 6 + 2 + -1 + 5 + -12?
0
What is the value of -1 + -2 - (-4 - -5)?
-4
Calculate 8 + (0 + 6 - (7 - -3)).
4
4 - ((7 - 4) + -3 + -1)
5
Calculate (-2 - 0) + 1 - -2.
1
What is -2 + (3 + -4 - -2)?
-1
What is -4 - (6 - 13) - 3?
0
What is the value of 4 + -3 + -4 + -5 + 4?
-4
0 - (0 + -1 - -1)
0
1 + (0 - 1) + -3
-3
What is 1 - (2 + -5 - -3)?
1
Calculate -2 + (5 - (13 + 5 + -10)).
-5
-9 + (6 - (-2 + 4))
-5
Calculate -2 - (-13 - -3 - -3).
5
(-2 - -3) + 1 + -7
-5
Calculate 0 + 0 - (-4 + 5).
-1
-35 + 36 - (0 - -1)
0
What is -8 + (5 - -8) - -2 - 0?
7
1 - 4 - (-5 - 0 - 2)
4
Evaluate -3 + (0 - (3 + -10)).
4
Calculate 4 + -3 + -1 - (4 + 1).
-5
1 - (6 + (2 - 11))
4
3 + -7 + (5 - 0) - 10
-9
What is the value of -6 - (4 - (11 + -3))?
-2
Evaluate 2 + 0 + (-8 + 20 - 15).
-1
Calculate (4 - (1 + (1 - -1))) + 0.
1
What is -2 - (0 - 3) - (-3 - 0)?
4
What is the value of 5 + (-3 - -14) + -8 - 0?
8
What is the value of (-2 - -9) + -4 + 0 - 5?
-2
(3 - 5 - -2 - -2) + 2
4
-5 - (1 - (-3 + 3 + 4))
-2
What is 8 - (-2 + 12 + -1)?
-1
Calculate (-9 - 4) + (-3 - -10).
-6
What is -12 + 5 + (-4 - 6) + 10?
-7
Evaluate (4 - 3 - 1) + -2.
-2
What is the value of 7 - (18 + 2 - 8)?
-5
-10 - (-3 + -12 - -7)
-2
What is (-4 - -3) + (3 - 0)?
2
Calculate -7 - (-2 - (-3 + 2)).
-6
What is 1 + (1 - 7) + 0?
-5
Evaluate (-5 - -14) + -1 - 8.
0
What is 0 - (-17 + 16 + (1 - -1))?
-1
14 - (41 - 10) - -13
-4
Evaluate 1 - (2 - 3 - 2 - -7).
-3
What is the value of 1 + -7 + 2 - -3?
-1
Evaluate 4 - (0 + 2 - 2).
4
What is the value of -3 + -5 + -6 + 17 + 0?
3
What is the value of -6 + -2 + -2 + 6?
-4
Evaluate 3 + (-4 - -3) - 3 - 3.
-4
-9 + (2 - (-4 + 2))
-5
Evaluate 26 + (14 - 37) + 1 + -9.
-5
-6 - (-7 - (-6 + 10 - -1))
6
-1 - (4 + -5 - (-3 + 2))
-1
What is the value of (5 + -5 - -3) + 0?
3
What is 10 - (18 + (-18 - -11))?
-1
Evaluate (42 + -47 - (-6 - 0)) + 0.
1
Calculate (-8 - (3 + -6)) + 3 + -5.
-7
What is -1 + -2 + -1 + 7?
3
Evaluate -1 + -6 - (-4 - (0 + 0)).
-3
-1 + (-3 - ((-1 - -1) + 1))
-5
(4 - 7) + -2 + 1 + -1
-5
What is 13 - (25 + (4 - 14))?
-2
-3 - (5 - ((0 - -5) + 5))
2
What is 10 + (-6 - (10 - 8)) - 3?
-1
Calculate (3 - (0 + -3)) + 6 + -17.
-5
(1 - -1) + (-64 - -64)
2
Evaluate -40 + 38 + 6 + -1 + -6.
-3
What is the value of 1 - (-2 - (11 + -7)) - 15?
-8
Evaluate 6 - (4 - (-1 - -4)).
5
Calculate (-50 - -37) + -2 + 9.
-6
What is (4 - -4 - 12) + 0 + 1?
-3
What is the value of (-4 - ((-5 - -4) + 1)) + 13?
9
Evaluate 2 + 3 + -6 + -1 - -2.
0
Evaluate (-16 - -12) + 1 + 4 + 4.
5
What is the value of 5 + 1 + (4 - 5) + -7?
-2
Evaluate 0 + -1 + 0 + 4 + -4.
-1
What is 0 + -1 - (-12 + 13 + -6)?
4
Calculate -10 - -1 - -5 - (-5 + 1).
0
Calculate 2 - (0 + (1 - -2)).
-1
What is the value of 8 + -4 - (2 + 2)?
0
Evaluate 3 + -4 - (-1 + 1 + 2).
-3
What is the value of -16 + 7 + 6 + (-1 - -9)?
5
-15 + (-10 - (-12 + -8))
-5
Calculate 2 + -1 + -5 + 0 - -1.
-3
What is 6 + (0 - 5) - 1?
0
What is (-1 - -5) + -8 + -3?
-7
-15 + -1 + -20 + 29
-7
What is 2 + (0 + -5 - (-2 + 2))?
-3
What is 122 + -113 - (2 - -1)?
6
Evaluate 1 - ((4 - 9) + 4).
2
-2 + (-1 - -2) + (0 - 0)
-1
What is the value of 3 + (1 - -4) + -6?
2
2 - -7 - (88 + -73)
-6
Evaluate (6 + -15 - -5) + 6.
2
-6 + 20 + -5 - 3
6
What is the value of -11 - (6 + -5 + -3)?
-9
What is the value of -4 - (4 + (5 - 11))?
-2
What is (8 - 0) + 1 - 8?
1
What is the value of 5 + -2 + 3 + -8?
-2
0 - -1 - -1 - (-14 + 12)
4
What is the value of -8 - -7 - (3 - (1 - -4))?
1
What is 2 + -1 + 0 - 0?
1
What is 2 - (1 + (-5 - (-3 - -4)))?
7
Evaluate -4 - -11 - 3 - 9.
-5
What is the value of 17 + -6 - 12 - (2 - 1)?
-2
5 + (-2 - -2 - 2)
3
Evaluate 5 + (0 - -2) + 1 + -3.
5
What is the value of 2 + 5 + -3 + -8?
-4
Calculate -1 - (2 + 7 + 0 + -3).
-7
Calculate -3 + 4 + 4 + -3.
2
What is the value of 1 + 5 - (2 - (-1 + 0))?
3
5 + (8 - 7) + 0 + -2
4
What is 59 - 55 - (-1 + -3 + 1)?
7
Calculate 12 + -22 + -4 + 22.
8
Evaluate -11 - -11 - (6 + -4).
-2
What is the value of -5 + (4 - 4) - -3?
-2
What is the value of 49 - 41 - (0 - -11)?
-3
What is (7 - 2) + (-1 - 1)?
3
What is the value of (7 - (-4 - -7) - 6) + 5?
3
Evaluate -21 + 6 + 2 + 6 + 4.
-3
Calculate 1 + -6 + 2 + -4 + 2.
-5
What is the value of 7 + (3 - (0 + 2 + 5))?
3
Calculate (6 - -7) + -7 - 4.
2
Calculate (-6 - -15 - 5) + -9.
-5
What is the value of (-2 - -8) + -4 + -2?
0
Calculate 5 - (-9 - (-13 - 1)).
0
111 + -102 - (14 - 1)
-4
Calculate (-3 + 0 - (-2 + 1)) + -2.
-4
What is 0 + (-3 - (-1 + -1) - -4)?
3
What is 45 - 39 - (3 - -1)?
2
What is the value of 2 + (-5 + -4 - -2)?
-5
Calculate 1 + (-6 + -1 - -4).
-2
Calculate -12 - (9 + -6 - (7 + 0)).
-8
Evaluate -22 + (4 - -6) + 1.
-11
What is -1 - (13 - 8 - (-2 - -13))?
5
Evaluate (-14 - -6) + -6 + 7.
-7
-1 + -5 + 9 + 5
8
Calculate 5 + 0 + 1 - (-19 + 26).
-1
Calculate (6 - 8) + 3 + 1 - 7.
-5
Evaluate -1 + (-3 - 1 - -2 - -3).
0
What is the value of -26 + 30 - (-1 + 1 + 5)?
-1
Calculate -4 - (0 + -10) - 6.
0
Evaluate -2 + -2 + 3 + (0 - 1).
-2
Calculate 5 - 8 - ((-1 - -3) + -7).
2
What is 17 + -12 + -8 + -1?
-4
What is -45 - -51 - (-1 - -7)?
0
Calculate -1 + 1 + 3 + -1 - 0.
2
5 + -8 + 4 + -2
-1
Evaluate -2 + 6 - (43 + -38) - -8.
7
Evaluate (-1 + -3 - -6 - -1) + 1.
4
Calculate -26 + 26 - (-2 - 0).
2
Calculate 3 + (-1 - -2) - 1.
3
What is the value of (20 - 13 - (4 + -1)) + 0?
4
What is 23 + -18 - (0 - -2)?
3
Calculate 4 - ((-4 - -3) + 5 + 0).
0
What is the value of -5 + 5 + -5 + 13 + -2?
6
Evaluate -3 + (-17 - -12) + -3 + 11.
0
Evaluate (3 - 1) + -1 + (0 - 2).
-1
What is the value of -2 - (11 + -11 + 5)?
-7
3 + (-2 - -1 - -1 - 3)
0
What is the value of (3 - 8 - (8 + -15)) + 5?
7
-1 + -4 + (-13 - -15)
-3
What is the value of -7 + 7 + -7 - -6?
-1
3 - (-7 - 0 - (0 - 3))
7
Calculate (-20 + 27 - (1 + -1)) + -7.
0
What is (-1 - 9) + (25 + -7 - 15)?
-7
What is 1 - (0 - -3) - 2 - -7?
3
What is the value of -6 - (16 - 15 - (5 - 1))?
-3
Evaluate -2 - -1 - 1 - (-10 + 9).
-1
What is the value of -1 - ((4 - 1) + -5)?
1
Calculate -7 + 3 + -2 - (0 - 1).
-5
Calculate 1 + -8 + (-17 + 42 - 8).
10
Calculate -11 - (7 + -7 + -4 - 0).
-7
Evaluate 9 + -13 + (4 - -1).
1
-13 + -9 + 21 + 8
7
4 + (0 - 2) - 2
0
What is -5 + 5 + -8 + 8?
0
(15 + -12 + 5 - 1) + -3
4
Calculate -2 - (8 - 5 - 9) - -1.
5
Evaluate 159 + -169 - (-1 + 0).
-9
Calculate (12 - 5) + 0 - 12.
-5
0 - (-1 - (-2 + 1) - 2)
2
Calculate (-3 - 3) + (-17 - -15) + 1.
-7
Evaluate 8 + (-4 - 8) + 4.
0
(1 - (0 - -9)) + 1
-7
Evaluate -3 - -3 - (-3 + 4).
-1
Evaluate (4 - 1) + (-11 - -7).
-1
What is the value of (13 - 18) + (1 - 1)?
-5
Evaluate (-8 - -7) + (7 - (-2 - -4)).
4
What is -5 + -1 + (4 - (4 + -5))?
-1
Calculate 0 - ((-4 - (-5 + 0)) + -2).
1
Evaluate (0 - (-6 - -3)) + 1 + -7.
-3
What is (1 - 6) + 13 + 14 + -19?
3
Calculate -5 - -2 - (-4 + 0 + 4).
-3
Calculate -2 + (-6 - -12) + 0 + -2.
2
(2 - -4 - 2) + -1
3
-10 + -9 + 17 + -3
-5
What is the value of -5 + (-1 - (-4 - 4)) + -10?
-8
What is the value of -3 + -1 - (-4 + -19 + 14)?
5
Evaluate -10 + 14 - (0 + -1).
5
3 - 1 - (31 + -21)
-8
(17 - 15) + (8 - 12)
-2
What is the value of -3 - ((-13 - -5) + -1)?
6
Calculate -2 + (0 - -2 - (-13 - -16)).
-3
What is the value of -1 + (3 - 4 - -1 - 1)?
-2
Calculate 5 - 3 - 0 - (-2 - -3).
1
What is 2 + (4 + -3 + 2 - 1)?
4
What is the value of (-1 - 0) + (9 - 3)?
5
Evaluate -1 + (2 - ((2 - 0) + -2)).
1
What is 49 + -42 + 0 + (-4 - -2)?
5
What is the value of 0 + (7 - 8) - (-1 - -3)?
-3
What is the value of -5 + (-9 - (10 + -24))?
0
Calculate -19 + 21 - (5 - 4).
1
-3 - (-5 + (11 - 12))
3
What is -6 + (11 - 4) + (-7 - -10)?
4
-6 - (-3 + -4 + -3 + 4)
0
Calculate -7 - (4 - (2 - -3)).
-6
Calculate 0 + -5 + (3 - 3).
-5
Calculate -15 - (-6 + 1) - -6.
-4
Evaluate -3 + (2 - 4) + 7.
2
Evaluate 7 - (3 + 0) - 8.
-4
What is the value of (-10 - (-2 - 7)) + -9?
-10
What is the value of 2 + 4 + (2 - 4)?
4
Calculate -2 + 2 + (-6 - -3).
-3
-8 - ((-2 - -4) + -14)
4
Calculate (-5 - (4 + -7)) + 1 + 5.
4
Evaluate 6 - (-8 + 8) - 9.
-3
Calculate -16 - 0 - (-4 + -5).
-7
What is (5 - (5 + 3) - 2) + 1?
-4
Evalu